Last updated on 2023-06-04 09:57:23 CEST.
Flavor | Version | Tinstall | Tcheck | Ttotal | Status | Flags |
---|---|---|---|---|---|---|
r-devel-linux-x86_64-debian-clang | 0.32.1 | 26.89 | 293.25 | 320.14 | NOTE | |
r-devel-linux-x86_64-debian-gcc | 0.32.1 | 18.18 | 214.69 | 232.87 | NOTE | |
r-devel-linux-x86_64-fedora-clang | 0.32.1 | 393.63 | NOTE | |||
r-devel-linux-x86_64-fedora-gcc | 0.32.1 | 404.20 | NOTE | |||
r-devel-windows-x86_64 | 0.32.1 | 20.00 | 241.00 | 261.00 | NOTE | |
r-patched-linux-x86_64 | 0.32.1 | 22.22 | 269.71 | 291.93 | NOTE | |
r-release-linux-x86_64 | 0.32.1 | 17.43 | 271.65 | 289.08 | NOTE | |
r-release-macos-arm64 | 0.32.1 | 124.00 | NOTE | |||
r-release-macos-x86_64 | 0.32.1 | 226.00 | NOTE | |||
r-release-windows-x86_64 | 0.32.1 | 28.00 | 292.00 | 320.00 | NOTE | |
r-oldrel-macos-arm64 | 0.32.1 | 100.00 | NOTE | |||
r-oldrel-macos-x86_64 | 0.32.1 | 183.00 | NOTE | |||
r-oldrel-windows-x86_64 | 0.32.1 | 29.00 | 296.00 | 325.00 | OK |
Version: 0.32.1
Check: Rd files
Result: NOTE
checkRd: (-1) R2txtJG.Rd:90: Escaped LaTeX specials: \#
Flavors: r-devel-linux-x86_64-debian-clang, r-devel-linux-x86_64-debian-gcc, r-devel-linux-x86_64-fedora-clang, r-devel-linux-x86_64-fedora-gcc, r-devel-windows-x86_64, r-patched-linux-x86_64, r-release-linux-x86_64, r-release-macos-arm64, r-release-macos-x86_64, r-release-windows-x86_64
Version: 0.32.1
Check: dependencies in R code
Result: NOTE
Namespace in Imports field not imported from: ‘mathjaxr’
All declared Imports should be used.
Flavors: r-devel-linux-x86_64-fedora-clang, r-devel-linux-x86_64-fedora-gcc, r-oldrel-macos-arm64, r-oldrel-macos-x86_64