CRAN Package Check Results for Package BiodiversityR

Last updated on 2022-09-24 09:56:03 CEST.

Flavor Version Tinstall Tcheck Ttotal Status Flags
r-devel-linux-x86_64-debian-clang 2.14-4 62.17 328.25 390.42 OK
r-devel-linux-x86_64-debian-gcc 2.14-4 51.69 235.30 286.99 OK
r-devel-linux-x86_64-fedora-clang 2.14-4 517.67 NOTE
r-devel-linux-x86_64-fedora-gcc 2.14-4 514.11 OK
r-devel-windows-x86_64 2.14-4 141.00 345.00 486.00 OK
r-patched-linux-x86_64 2.14-4 83.13 358.93 442.06 OK
r-release-linux-x86_64 2.14-4 74.93 360.68 435.61 OK
r-release-macos-arm64 2.14-4 140.00 OK
r-release-macos-x86_64 2.14-4 393.00 OK
r-release-windows-x86_64 2.14-4 117.00 331.00 448.00 OK
r-oldrel-macos-arm64 2.14-4 140.00 OK
r-oldrel-macos-x86_64 2.14-4 289.00 OK
r-oldrel-windows-ix86+x86_64 2.14-4 107.00 339.00 446.00 OK

Check Details

Version: 2.14-4
Check: Rd cross-references
Result: NOTE
    Undeclared package ‘pvclust’ in Rd xrefs
Flavor: r-devel-linux-x86_64-fedora-clang