Last updated on 2023-04-02 09:56:16 CEST.
Flavor | Version | Tinstall | Tcheck | Ttotal | Status | Flags |
---|---|---|---|---|---|---|
r-devel-linux-x86_64-debian-clang | 0.4 | 66.51 | 204.88 | 271.39 | NOTE | |
r-devel-linux-x86_64-debian-gcc | 0.4 | 53.54 | 153.65 | 207.19 | NOTE | |
r-devel-linux-x86_64-fedora-clang | 0.4 | 348.86 | NOTE | |||
r-devel-linux-x86_64-fedora-gcc | 0.4 | 364.80 | NOTE | |||
r-devel-windows-x86_64 | 0.4 | 77.00 | 259.00 | 336.00 | NOTE | |
r-patched-linux-x86_64 | 0.4 | 58.67 | 196.70 | 255.37 | NOTE | |
r-release-linux-x86_64 | 0.4 | 55.45 | 195.28 | 250.73 | OK | |
r-release-macos-arm64 | 0.4 | 83.00 | OK | |||
r-release-macos-x86_64 | 0.4 | 111.00 | OK | |||
r-release-windows-x86_64 | 0.4 | 100.00 | 260.00 | 360.00 | OK | |
r-oldrel-macos-arm64 | 0.4 | 116.00 | OK | |||
r-oldrel-macos-x86_64 | 0.4 | 145.00 | OK | |||
r-oldrel-windows-ix86+x86_64 | 0.4 | 139.00 | 310.00 | 449.00 | OK |
Version: 0.4
Check: Rd \usage sections
Result: NOTE
S3 methods shown with full name in documentation object ‘select.cfs’:
‘select.cfs’
S3 methods shown with full name in documentation object ‘select.fast.filter’:
‘select.fast.filter’
S3 methods shown with full name in documentation object ‘select.forward.Corr’:
‘select.forward.Corr’
S3 methods shown with full name in documentation object ‘select.forward.wrapper’:
‘select.forward.wrapper’
S3 methods shown with full name in documentation object ‘select.inf.chi2’:
‘select.inf.chi2’
S3 methods shown with full name in documentation object ‘select.inf.gain’:
‘select.inf.gain’
S3 methods shown with full name in documentation object ‘select.inf.symm’:
‘select.inf.symm’
S3 methods shown with full name in documentation object ‘select.process’:
‘select.process’
S3 methods shown with full name in documentation object ‘select.relief’:
‘select.relief’
The \usage entries for S3 methods should use the \method markup and not
their full name.
See chapter ‘Writing R documentation files’ in the ‘Writing R
Extensions’ manual.
Flavors: r-devel-linux-x86_64-debian-clang, r-devel-linux-x86_64-debian-gcc, r-devel-linux-x86_64-fedora-clang, r-devel-linux-x86_64-fedora-gcc, r-devel-windows-x86_64, r-patched-linux-x86_64