CRAN Package Check Results for Package BinaryEPPM

Last updated on 2022-11-28 09:50:40 CET.

Flavor Version Tinstall Tcheck Ttotal Status Flags
r-devel-linux-x86_64-debian-clang 2.3 13.82 96.29 110.11 NOTE
r-devel-linux-x86_64-debian-gcc 2.3 9.46 71.62 81.08 NOTE
r-devel-linux-x86_64-fedora-clang 2.3 148.02 NOTE
r-devel-linux-x86_64-fedora-gcc 2.3 138.79 NOTE
r-devel-windows-x86_64 2.3 57.00 131.00 188.00 NOTE
r-patched-linux-x86_64 2.3 10.81 89.58 100.39 OK
r-release-linux-x86_64 2.3 10.37 89.53 99.90 OK
r-release-macos-arm64 2.3 36.00 OK
r-release-macos-x86_64 2.3 52.00 OK
r-release-windows-x86_64 2.3 16.00 136.00 152.00 OK
r-oldrel-macos-arm64 2.3 45.00 OK
r-oldrel-macos-x86_64 2.3 76.00 OK
r-oldrel-windows-ix86+x86_64 2.3 23.00 118.00 141.00 OK

Check Details

Version: 2.3
Check: Rd files
Result: NOTE
    checkRd: (-1) BinaryEPPM.Rd:159: Escaped LaTeX specials: \&
Flavors: r-devel-linux-x86_64-debian-clang, r-devel-linux-x86_64-debian-gcc, r-devel-linux-x86_64-fedora-clang, r-devel-linux-x86_64-fedora-gcc, r-devel-windows-x86_64

Version: 2.3
Check: Rd cross-references
Result: NOTE
    Undeclared packages ‘CountsEPPM’, ‘betareg’ in Rd xrefs
Flavor: r-devel-linux-x86_64-fedora-clang