CRAN Package Check Results for Package BigVAR

Last updated on 2022-10-01 10:51:48 CEST.

Flavor Version Tinstall Tcheck Ttotal Status Flags
r-devel-linux-x86_64-debian-clang 1.1.0 109.93 344.09 454.02 WARN
r-devel-linux-x86_64-debian-gcc 1.1.0 84.05 242.37 326.42 OK
r-devel-linux-x86_64-fedora-clang 1.1.0 558.08 WARN
r-devel-linux-x86_64-fedora-gcc 1.1.0 574.13 OK
r-devel-windows-x86_64 1.1.0 86.00 359.00 445.00 OK
r-patched-linux-x86_64 1.1.0 91.82 323.77 415.59 OK
r-release-linux-x86_64 1.1.0 92.64 321.26 413.90 OK
r-release-macos-arm64 1.1.0 175.00 NOTE
r-release-macos-x86_64 1.1.0 181.00 NOTE
r-release-windows-x86_64 1.1.0 81.00 363.00 444.00 OK
r-oldrel-macos-arm64 1.1.0 161.00 NOTE
r-oldrel-macos-x86_64 1.1.0 176.00 NOTE
r-oldrel-windows-ix86+x86_64 1.1.0 210.00 397.00 607.00 OK

Additional issues

clang15 clang15 M1mac

Check Details

Version: 1.1.0
Check: whether package can be installed
Result: WARN
    Found the following significant warnings:
     ExperimentalBigVARFunctionsX.cpp:1917:25: warning: implicit conversion from 'double' to 'unsigned int' changes value from 1.0E-8 to 0 [-Wliteral-conversion]
Flavors: r-devel-linux-x86_64-debian-clang, r-devel-linux-x86_64-fedora-clang

Version: 1.1.0
Check: installed package size
Result: NOTE
     installed size is 19.7Mb
     sub-directories of 1Mb or more:
     doc 1.2Mb
     libs 18.0Mb
Flavors: r-release-macos-arm64, r-release-macos-x86_64, r-oldrel-macos-arm64, r-oldrel-macos-x86_64