CRAN Package Check Results for Package BenfordTests

Last updated on 2022-12-04 09:55:12 CET.

Flavor Version Tinstall Tcheck Ttotal Status Flags
r-devel-linux-x86_64-debian-clang 1.2.0 3.73 29.11 32.84 OK
r-devel-linux-x86_64-debian-gcc 1.2.0 3.00 22.78 25.78 OK
r-devel-linux-x86_64-fedora-clang 1.2.0 55.22 NOTE
r-devel-linux-x86_64-fedora-gcc 1.2.0 50.65 NOTE
r-devel-windows-x86_64 1.2.0 34.00 62.00 96.00 OK
r-patched-linux-x86_64 1.2.0 3.53 27.02 30.55 OK
r-release-linux-x86_64 1.2.0 3.32 26.88 30.20 OK
r-release-macos-arm64 1.2.0 19.00 OK
r-release-macos-x86_64 1.2.0 25.00 OK
r-release-windows-x86_64 1.2.0 10.00 54.00 64.00 OK
r-oldrel-macos-arm64 1.2.0 22.00 OK
r-oldrel-macos-x86_64 1.2.0 33.00 OK
r-oldrel-windows-ix86+x86_64 1.2.0 10.00 52.00 62.00 OK

Check Details

Version: 1.2.0
Check: compiled code
Result: NOTE
    File ‘BenfordTests/libs/BenfordTests.so’:
     Found no calls to: ‘R_registerRoutines’, ‘R_useDynamicSymbols’
    
    It is good practice to register native routines and to disable symbol
    search.
    
    See ‘Writing portable packages’ in the ‘Writing R Extensions’ manual.
Flavors: r-devel-linux-x86_64-fedora-clang, r-devel-linux-x86_64-fedora-gcc