Last updated on 2022-05-27 10:53:42 CEST.
Flavor | Version | Tinstall | Tcheck | Ttotal | Status | Flags |
---|---|---|---|---|---|---|
r-devel-linux-x86_64-debian-clang | 1.0.1 | 2.18 | 49.03 | 51.21 | OK | |
r-devel-linux-x86_64-debian-gcc | 1.0.1 | 1.83 | 37.18 | 39.01 | OK | |
r-devel-linux-x86_64-fedora-clang | 1.0.1 | 61.14 | OK | |||
r-devel-linux-x86_64-fedora-gcc | 1.0.1 | 60.80 | OK | |||
r-devel-windows-x86_64 | 1.0.1 | 51.00 | 65.00 | 116.00 | OK | |
r-patched-linux-x86_64 | 1.0.1 | 2.46 | 46.39 | 48.85 | OK | |
r-release-linux-x86_64 | 1.0.1 | 2.02 | 47.63 | 49.65 | OK | |
r-release-macos-arm64 | 1.0.1 | 18.00 | OK | |||
r-release-macos-x86_64 | 1.0.1 | 28.00 | NOTE | |||
r-release-windows-x86_64 | 1.0.1 | 38.00 | 62.00 | 100.00 | OK | |
r-oldrel-macos-arm64 | 1.0.1 | 23.00 | OK | |||
r-oldrel-macos-x86_64 | 1.0.1 | 88.00 | OK | |||
r-oldrel-windows-ix86+x86_64 | 1.0.1 | 5.00 | 60.00 | 65.00 | OK |
Version: 1.0.1
Check: package dependencies
Result: NOTE
Package suggested but not available for checking: ‘BayesTree’
Flavor: r-release-macos-x86_64