CRAN Package Check Results for Package BayLum

Last updated on 2022-11-28 09:50:40 CET.

Flavor Version Tinstall Tcheck Ttotal Status Flags
r-devel-linux-x86_64-debian-clang 0.2.1 6.72 86.73 93.45 NOTE
r-devel-linux-x86_64-debian-gcc 0.2.1 5.86 66.66 72.52 NOTE
r-devel-linux-x86_64-fedora-clang 0.2.1 133.82 NOTE
r-devel-linux-x86_64-fedora-gcc 0.2.1 143.70 NOTE
r-devel-windows-x86_64 0.2.1 20.00 135.00 155.00 NOTE
r-patched-linux-x86_64 0.2.1 15.03 81.61 96.64 OK
r-release-linux-x86_64 0.2.1 7.32 80.94 88.26 OK
r-release-macos-arm64 0.2.1 46.00 OK
r-release-macos-x86_64 0.2.1 54.00 OK
r-release-windows-x86_64 0.2.1 32.00 125.00 157.00 OK
r-oldrel-macos-arm64 0.2.1 30.00 OK
r-oldrel-macos-x86_64 0.2.1 52.00 OK
r-oldrel-windows-ix86+x86_64 0.2.1 18.00 118.00 136.00 OK

Check Details

Version: 0.2.1
Check: Rd files
Result: NOTE
    checkRd: (-1) create_ThetaMatrix.Rd:32: Escaped LaTeX specials: \&
    checkRd: (-1) create_ThetaMatrix.Rd:41: Escaped LaTeX specials: \&
Flavors: r-devel-linux-x86_64-debian-clang, r-devel-linux-x86_64-debian-gcc, r-devel-linux-x86_64-fedora-clang, r-devel-linux-x86_64-fedora-gcc, r-devel-windows-x86_64