CRAN Package Check Results for Package BSW

Last updated on 2024-04-20 09:55:48 CEST.

Flavor Version Tinstall Tcheck Ttotal Status Flags
r-devel-linux-x86_64-debian-clang 0.1.1 7.59 76.86 84.45 NOTE
r-devel-linux-x86_64-debian-gcc 0.1.1 6.02 57.10 63.12 NOTE
r-devel-linux-x86_64-fedora-clang 0.1.1 104.40 NOTE
r-devel-linux-x86_64-fedora-gcc 0.1.1 113.84 NOTE
r-prerel-macos-arm64 0.1.1 39.00 NOTE
r-prerel-windows-x86_64 0.1.1 6.00 73.00 79.00 NOTE
r-patched-linux-x86_64 0.1.1 7.74 71.87 79.61 NOTE
r-release-linux-x86_64 0.1.1 7.47 74.57 82.04 NOTE
r-release-macos-arm64 0.1.1 40.00 NOTE
r-release-macos-x86_64 0.1.1 61.00 NOTE
r-release-windows-x86_64 0.1.1 9.00 83.00 92.00 NOTE
r-oldrel-macos-arm64 0.1.1 38.00 NOTE
r-oldrel-windows-x86_64 0.1.1 9.00 87.00 96.00 NOTE

Check Details

Version: 0.1.1
Check: LazyData
Result: NOTE 'LazyData' is specified without a 'data' directory Flavors: r-devel-linux-x86_64-debian-clang, r-devel-linux-x86_64-debian-gcc, r-devel-linux-x86_64-fedora-clang, r-devel-linux-x86_64-fedora-gcc, r-prerel-macos-arm64, r-prerel-windows-x86_64, r-patched-linux-x86_64, r-release-linux-x86_64, r-release-macos-arm64, r-release-macos-x86_64, r-release-windows-x86_64, r-oldrel-macos-arm64, r-oldrel-windows-x86_64