Last updated on 2023-03-27 09:50:08 CEST.
Flavor | Version | Tinstall | Tcheck | Ttotal | Status | Flags |
---|---|---|---|---|---|---|
r-devel-linux-x86_64-debian-clang | 1.0.5 | 48.25 | 170.16 | 218.41 | NOTE | |
r-devel-linux-x86_64-debian-gcc | 1.0.5 | 38.28 | 128.22 | 166.50 | NOTE | |
r-devel-linux-x86_64-fedora-clang | 1.0.5 | 303.16 | NOTE | |||
r-devel-linux-x86_64-fedora-gcc | 1.0.5 | 291.54 | NOTE | |||
r-devel-windows-x86_64 | 1.0.5 | 70.00 | 205.00 | 275.00 | NOTE | |
r-patched-linux-x86_64 | 1.0.5 | 50.82 | 161.92 | 212.74 | NOTE | |
r-release-linux-x86_64 | 1.0.5 | 46.88 | 159.15 | 206.03 | NOTE | |
r-release-macos-arm64 | 1.0.5 | 73.00 | NOTE | |||
r-release-macos-x86_64 | 1.0.5 | 101.00 | NOTE | |||
r-release-windows-x86_64 | 1.0.5 | 58.00 | 206.00 | 264.00 | NOTE | |
r-oldrel-macos-arm64 | 1.0.5 | 73.00 | NOTE | |||
r-oldrel-macos-x86_64 | 1.0.5 | 106.00 | NOTE | |||
r-oldrel-windows-ix86+x86_64 | 1.0.5 | 119.00 | 243.00 | 362.00 | NOTE |
Version: 1.0.5
Check: C++ specification
Result: NOTE
Specified C++11: please drop specification unless essential
Flavors: r-devel-linux-x86_64-debian-clang, r-devel-linux-x86_64-debian-gcc, r-devel-linux-x86_64-fedora-clang, r-devel-linux-x86_64-fedora-gcc, r-devel-windows-x86_64, r-patched-linux-x86_64
Version: 1.0.5
Check: for GNU extensions in Makefiles
Result: NOTE
GNU make is a SystemRequirements.
Flavors: r-devel-linux-x86_64-debian-clang, r-devel-linux-x86_64-debian-gcc, r-devel-linux-x86_64-fedora-clang, r-devel-linux-x86_64-fedora-gcc, r-devel-windows-x86_64, r-patched-linux-x86_64, r-release-linux-x86_64, r-release-macos-arm64, r-release-macos-x86_64, r-release-windows-x86_64, r-oldrel-macos-arm64, r-oldrel-macos-x86_64, r-oldrel-windows-ix86+x86_64