Last updated on 2023-06-04 09:57:23 CEST.
Flavor | Version | Tinstall | Tcheck | Ttotal | Status | Flags |
---|---|---|---|---|---|---|
r-devel-linux-x86_64-debian-clang | 3.2.5 | 57.63 | 140.45 | 198.08 | OK | |
r-devel-linux-x86_64-debian-gcc | 3.2.5 | 44.39 | 104.57 | 148.96 | OK | |
r-devel-linux-x86_64-fedora-clang | 3.2.5 | 257.68 | OK | |||
r-devel-linux-x86_64-fedora-gcc | 3.2.5 | 275.71 | OK | |||
r-devel-windows-x86_64 | 3.2.5 | 47.00 | 146.00 | 193.00 | NOTE | |
r-patched-linux-x86_64 | 3.2.5 | 48.49 | 131.56 | 180.05 | OK | |
r-release-linux-x86_64 | 3.2.5 | 46.64 | 130.97 | 177.61 | OK | |
r-release-macos-arm64 | 3.2.5 | 70.00 | OK | |||
r-release-macos-x86_64 | 3.2.5 | 117.00 | OK | |||
r-release-windows-x86_64 | 3.2.5 | 59.00 | 172.00 | 231.00 | NOTE | |
r-oldrel-macos-arm64 | 3.2.5 | 66.00 | OK | |||
r-oldrel-macos-x86_64 | 3.2.5 | 92.00 | OK | |||
r-oldrel-windows-x86_64 | 3.2.5 | 60.00 | 157.00 | 217.00 | OK |
Version: 3.2.5
Check: C++ specification
Result: NOTE
Specified C++11: please drop specification unless essential
Flavors: r-devel-windows-x86_64, r-release-windows-x86_64