CRAN Package Check Results for Package BNSP

Last updated on 2022-12-04 09:55:13 CET.

Flavor Version Tinstall Tcheck Ttotal Status Flags
r-devel-linux-x86_64-debian-clang 2.2.0 86.34 154.95 241.29 OK
r-devel-linux-x86_64-debian-gcc 2.2.0 77.51 114.32 191.83 OK
r-devel-linux-x86_64-fedora-clang 2.2.0 292.58 OK
r-devel-linux-x86_64-fedora-gcc 2.2.0 344.65 OK
r-devel-windows-x86_64 2.2.0 83.00 172.00 255.00 OK
r-patched-linux-x86_64 2.2.0 96.76 159.02 255.78 OK
r-release-linux-x86_64 2.2.0 88.52 160.85 249.37 OK
r-release-macos-arm64 2.2.0 117.00 NOTE
r-release-macos-x86_64 2.2.0 186.00 NOTE
r-release-windows-x86_64 2.2.0 82.00 183.00 265.00 OK
r-oldrel-macos-arm64 2.2.0 106.00 NOTE
r-oldrel-macos-x86_64 2.2.0 139.00 NOTE
r-oldrel-windows-ix86+x86_64 2.2.0 193.00 203.00 396.00 OK

Check Details

Version: 2.2.0
Check: installed package size
Result: NOTE
     installed size is 5.2Mb
     sub-directories of 1Mb or more:
     libs 4.8Mb
Flavors: r-release-macos-arm64, r-release-macos-x86_64, r-oldrel-macos-arm64, r-oldrel-macos-x86_64