CRAN Package Check Results for Package BLModel

Last updated on 2022-12-07 10:49:54 CET.

Flavor Version Tinstall Tcheck Ttotal Status Flags
r-devel-linux-x86_64-debian-clang 1.0.2 2.65 26.86 29.51 NOTE
r-devel-linux-x86_64-debian-gcc 1.0.2 1.93 20.89 22.82 NOTE
r-devel-linux-x86_64-fedora-clang 1.0.2 49.25 NOTE
r-devel-linux-x86_64-fedora-gcc 1.0.2 45.91 NOTE
r-devel-windows-x86_64 1.0.2 14.00 62.00 76.00 NOTE
r-patched-linux-x86_64 1.0.2 2.54 24.99 27.53 NOTE
r-release-linux-x86_64 1.0.2 2.12 24.71 26.83 NOTE
r-release-macos-arm64 1.0.2 18.00 NOTE
r-release-macos-x86_64 1.0.2 23.00 NOTE
r-release-windows-x86_64 1.0.2 14.00 61.00 75.00 NOTE
r-oldrel-macos-arm64 1.0.2 22.00 NOTE
r-oldrel-macos-x86_64 1.0.2 29.00 NOTE
r-oldrel-windows-ix86+x86_64 1.0.2 5.00 53.00 58.00 NOTE

Check Details

Version: 1.0.2
Check: LazyData
Result: NOTE
     'LazyData' is specified without a 'data' directory
Flavors: r-devel-linux-x86_64-debian-clang, r-devel-linux-x86_64-debian-gcc, r-devel-linux-x86_64-fedora-clang, r-devel-linux-x86_64-fedora-gcc, r-devel-windows-x86_64, r-patched-linux-x86_64, r-release-linux-x86_64, r-release-macos-arm64, r-release-macos-x86_64, r-release-windows-x86_64, r-oldrel-macos-arm64, r-oldrel-macos-x86_64, r-oldrel-windows-ix86+x86_64