CRAN Package Check Results for Package BEKKs

Last updated on 2022-11-26 10:00:37 CET.

Flavor Version Tinstall Tcheck Ttotal Status Flags
r-devel-linux-x86_64-debian-clang 1.4.0 179.97 730.55 910.52 OK
r-devel-linux-x86_64-debian-gcc 1.4.0 140.57 337.12 477.69 OK
r-devel-linux-x86_64-fedora-clang 1.4.0 978.44 NOTE
r-devel-windows-x86_64 1.4.0 115.00 440.00 555.00 OK
r-patched-linux-x86_64 1.4.0 OK
r-release-linux-x86_64 1.4.0 136.65 462.37 599.02 OK
r-release-macos-arm64 1.4.0 217.00 NOTE
r-release-macos-x86_64 1.4.0 243.00 NOTE
r-release-windows-x86_64 1.4.0 106.00 476.00 582.00 OK
r-oldrel-macos-arm64 1.4.0 216.00 NOTE
r-oldrel-macos-x86_64 1.4.0 245.00 NOTE
r-oldrel-windows-ix86+x86_64 1.4.0 365.00 845.00 1210.00 OK

Check Details

Version: 1.4.0
Check: dependencies in R code
Result: NOTE
    Namespace in Imports field not imported from: ‘forecast’
     All declared Imports should be used.
Flavors: r-devel-linux-x86_64-fedora-clang, r-release-macos-arm64, r-release-macos-x86_64, r-oldrel-macos-arm64, r-oldrel-macos-x86_64

Version: 1.4.0
Check: installed package size
Result: NOTE
     installed size is 15.3Mb
     sub-directories of 1Mb or more:
     libs 14.3Mb
Flavors: r-release-macos-arm64, r-release-macos-x86_64, r-oldrel-macos-arm64, r-oldrel-macos-x86_64