Last updated on 2022-05-22 09:52:11 CEST.
Flavor | Version | Tinstall | Tcheck | Ttotal | Status | Flags |
---|---|---|---|---|---|---|
r-devel-linux-x86_64-debian-clang | 2.9 | 161.91 | 184.34 | 346.25 | OK | |
r-devel-linux-x86_64-debian-gcc | 2.9 | 128.13 | 135.25 | 263.38 | OK | |
r-devel-linux-x86_64-fedora-clang | 2.9 | 476.27 | NOTE | |||
r-devel-linux-x86_64-fedora-gcc | 2.9 | 418.15 | OK | |||
r-devel-windows-x86_64 | 2.9 | 162.00 | 217.00 | 379.00 | NOTE | |
r-patched-linux-x86_64 | 2.9 | 135.45 | 172.74 | 308.19 | OK | |
r-release-linux-x86_64 | 2.9 | 136.39 | 173.58 | 309.97 | OK | |
r-release-macos-arm64 | 2.9 | 112.00 | NOTE | |||
r-release-macos-x86_64 | 2.9 | 141.00 | NOTE | |||
r-release-windows-x86_64 | 2.9 | 167.00 | 213.00 | 380.00 | NOTE | |
r-oldrel-macos-arm64 | 2.9 | 157.00 | NOTE | |||
r-oldrel-macos-x86_64 | 2.9 | 210.00 | NOTE | |||
r-oldrel-windows-ix86+x86_64 | 2.9 | 371.00 | 237.00 | 608.00 | NOTE |
Version: 2.9
Check: installed package size
Result: NOTE
installed size is 7.8Mb
sub-directories of 1Mb or more:
data 3.2Mb
libs 3.1Mb
Flavors: r-devel-linux-x86_64-fedora-clang, r-devel-windows-x86_64, r-release-macos-arm64, r-release-macos-x86_64, r-release-windows-x86_64, r-oldrel-macos-arm64, r-oldrel-macos-x86_64, r-oldrel-windows-ix86+x86_64