CRAN Package Check Results for Package AzureKeyVault

Last updated on 2024-07-25 10:46:07 CEST.

Flavor Version Tinstall Tcheck Ttotal Status Flags
r-devel-linux-x86_64-debian-clang 1.0.5 11.40 35.98 47.38 OK
r-devel-linux-x86_64-debian-gcc 1.0.5 9.41 26.97 36.38 NOTE
r-devel-linux-x86_64-fedora-clang 1.0.5 60.59 NOTE
r-devel-linux-x86_64-fedora-gcc 1.0.5 69.68 NOTE
r-devel-windows-x86_64 1.0.5 11.00 53.00 64.00 NOTE
r-patched-linux-x86_64 1.0.5 OK
r-release-linux-x86_64 1.0.5 10.83 34.61 45.44 OK
r-release-macos-arm64 1.0.5 26.00 OK
r-release-macos-x86_64 1.0.5 41.00 OK
r-release-windows-x86_64 1.0.5 10.00 52.00 62.00 OK
r-oldrel-macos-arm64 1.0.5 28.00 OK
r-oldrel-macos-x86_64 1.0.5 42.00 OK
r-oldrel-windows-x86_64 1.0.5 14.00 54.00 68.00 OK

Check Details

Version: 1.0.5
Check: Rd cross-references
Result: NOTE Found the following Rd file(s) with Rd \link{} targets missing package anchors: az_key_vault.Rd: az_resource_group Please provide package anchors for all Rd \link{} targets not in the package itself and the base packages. Flavors: r-devel-linux-x86_64-debian-gcc, r-devel-windows-x86_64

Version: 1.0.5
Check: dependencies in R code
Result: NOTE Namespaces in Imports field not imported from: ‘R6’ ‘jose’ ‘openssl’ All declared Imports should be used. Flavors: r-devel-linux-x86_64-fedora-clang, r-devel-linux-x86_64-fedora-gcc