CRAN Package Check Results for Package AutoWeatherIndices

Last updated on 2023-04-01 10:49:55 CEST.

Flavor Version Tinstall Tcheck Ttotal Status Flags
r-devel-linux-x86_64-debian-clang 0.1.0 1.77 20.05 21.82 OK
r-devel-linux-x86_64-debian-gcc 0.1.0 1.56 15.80 17.36 OK
r-devel-linux-x86_64-fedora-clang 0.1.0 30.91 NOTE
r-devel-linux-x86_64-fedora-gcc 0.1.0 26.88 NOTE
r-devel-windows-x86_64 0.1.0 14.00 0.00 14.00 OK
r-patched-linux-x86_64 0.1.0 1.73 19.58 21.31 OK
r-release-linux-x86_64 0.1.0 1.41 21.59 23.00 OK
r-release-macos-arm64 0.1.0 15.00 NOTE
r-release-macos-x86_64 0.1.0 19.00 NOTE
r-release-windows-x86_64 0.1.0 5.00 54.00 59.00 OK
r-oldrel-macos-arm64 0.1.0 17.00 NOTE
r-oldrel-macos-x86_64 0.1.0 23.00 NOTE
r-oldrel-windows-ix86+x86_64 0.1.0 7.00 46.00 53.00 OK

Check Details

Version: 0.1.0
Check: dependencies in R code
Result: NOTE
    Namespace in Imports field not imported from: ‘Hmisc’
     All declared Imports should be used.
Flavors: r-devel-linux-x86_64-fedora-clang, r-devel-linux-x86_64-fedora-gcc, r-release-macos-arm64, r-release-macos-x86_64, r-oldrel-macos-arm64, r-oldrel-macos-x86_64