CRAN Package Check Results for Package Arothron

Last updated on 2022-12-09 10:00:16 CET.

Flavor Version Tinstall Tcheck Ttotal Status Flags
r-devel-linux-x86_64-debian-clang 2.0.3 14.43 128.16 142.59 OK
r-devel-linux-x86_64-debian-gcc 2.0.3 11.20 100.90 112.10 OK
r-devel-linux-x86_64-fedora-clang 2.0.3 199.52 NOTE
r-devel-linux-x86_64-fedora-gcc 2.0.3 179.98 OK
r-devel-windows-x86_64 2.0.3 51.00 184.00 235.00 NOTE
r-patched-linux-x86_64 2.0.3 14.93 117.32 132.25 OK
r-release-linux-x86_64 2.0.3 13.86 122.55 136.41 OK
r-release-macos-arm64 2.0.3 45.00 NOTE
r-release-macos-x86_64 2.0.3 72.00 NOTE
r-release-windows-x86_64 2.0.3 45.00 160.00 205.00 NOTE
r-oldrel-macos-arm64 2.0.3 52.00 NOTE
r-oldrel-macos-x86_64 2.0.3 67.00 NOTE
r-oldrel-windows-ix86+x86_64 2.0.3 33.00 171.00 204.00 NOTE

Check Details

Version: 2.0.3
Check: installed package size
Result: NOTE
     installed size is 5.2Mb
     sub-directories of 1Mb or more:
     data 5.0Mb
Flavors: r-devel-linux-x86_64-fedora-clang, r-devel-windows-x86_64, r-release-macos-arm64, r-release-macos-x86_64, r-release-windows-x86_64, r-oldrel-macos-arm64, r-oldrel-macos-x86_64, r-oldrel-windows-ix86+x86_64