CRAN Package Check Results for Package AnnuityRIR

Last updated on 2022-07-02 10:49:23 CEST.

Flavor Version Tinstall Tcheck Ttotal Status Flags
r-devel-linux-x86_64-debian-clang 1.0-0 9.80 102.43 112.23 NOTE
r-devel-linux-x86_64-debian-gcc 1.0-0 8.05 76.04 84.09 NOTE
r-devel-linux-x86_64-fedora-clang 1.0-0 139.75 NOTE
r-devel-linux-x86_64-fedora-gcc 1.0-0 145.08 NOTE
r-devel-windows-x86_64 1.0-0 55.00 132.00 187.00 NOTE
r-patched-linux-x86_64 1.0-0 10.69 98.48 109.17 OK
r-release-linux-x86_64 1.0-0 10.28 96.34 106.62 OK
r-release-macos-arm64 1.0-0 39.00 OK
r-release-macos-x86_64 1.0-0 85.00 OK
r-release-windows-x86_64 1.0-0 61.00 131.00 192.00 OK
r-oldrel-macos-arm64 1.0-0 46.00 OK
r-oldrel-macos-x86_64 1.0-0 60.00 OK
r-oldrel-windows-ix86+x86_64 1.0-0 22.00 126.00 148.00 OK

Check Details

Version: 1.0-0
Check: Rd files
Result: NOTE
    checkRd: (-1) PV_post_triang_3.Rd:7: Escaped LaTeX specials: \_ \_
    checkRd: (-1) PV_post_triang_3.Rd:22: Escaped LaTeX specials: \_ \_
    checkRd: (-1) PV_pre_triang_3.Rd:7: Escaped LaTeX specials: \_ \_
    checkRd: (-1) PV_pre_triang_3.Rd:22: Escaped LaTeX specials: \_ \_
Flavors: r-devel-linux-x86_64-debian-clang, r-devel-linux-x86_64-debian-gcc, r-devel-linux-x86_64-fedora-clang, r-devel-linux-x86_64-fedora-gcc, r-devel-windows-x86_64