Last updated on 2023-06-04 09:57:22 CEST.
Flavor | Version | Tinstall | Tcheck | Ttotal | Status | Flags |
---|---|---|---|---|---|---|
r-devel-linux-x86_64-debian-clang | 1.8.1 | 41.64 | 80.39 | 122.03 | NOTE | |
r-devel-linux-x86_64-debian-gcc | 1.8.1 | 36.42 | 61.54 | 97.96 | NOTE | |
r-devel-linux-x86_64-fedora-clang | 1.8.1 | 158.99 | NOTE | |||
r-devel-linux-x86_64-fedora-gcc | 1.8.1 | 195.99 | NOTE | |||
r-devel-windows-x86_64 | 1.8.1 | 36.00 | 100.00 | 136.00 | NOTE | |
r-patched-linux-x86_64 | 1.8.1 | 38.87 | 77.19 | 116.06 | NOTE | |
r-release-linux-x86_64 | 1.8.1 | 36.20 | 76.54 | 112.74 | NOTE | |
r-release-macos-arm64 | 1.8.1 | 57.00 | NOTE | |||
r-release-macos-x86_64 | 1.8.1 | 96.00 | NOTE | |||
r-release-windows-x86_64 | 1.8.1 | 45.00 | 114.00 | 159.00 | NOTE | |
r-oldrel-macos-arm64 | 1.8.1 | 48.00 | NOTE | |||
r-oldrel-macos-x86_64 | 1.8.1 | 91.00 | NOTE | |||
r-oldrel-windows-x86_64 | 1.8.1 | 42.00 | 117.00 | 159.00 | OK |
Version: 1.8.1
Check: C++ specification
Result: NOTE
Specified C++11: please drop specification unless essential
Flavors: r-devel-linux-x86_64-debian-clang, r-devel-linux-x86_64-debian-gcc, r-devel-linux-x86_64-fedora-clang, r-devel-linux-x86_64-fedora-gcc, r-devel-windows-x86_64, r-patched-linux-x86_64, r-release-linux-x86_64, r-release-macos-arm64, r-release-macos-x86_64, r-release-windows-x86_64
Version: 1.8.1
Check: installed package size
Result: NOTE
installed size is 6.0Mb
sub-directories of 1Mb or more:
doc 1.4Mb
libs 3.9Mb
Flavors: r-release-macos-arm64, r-release-macos-x86_64, r-oldrel-macos-arm64, r-oldrel-macos-x86_64