CRAN Package Check Results for Package ARTool

Last updated on 2022-01-23 09:58:20 CET.

Flavor Version Tinstall Tcheck Ttotal Status Flags
r-devel-linux-x86_64-debian-clang 0.11.1 12.10 151.77 163.87 OK
r-devel-linux-x86_64-debian-gcc 0.11.1 10.06 127.36 137.42 OK
r-devel-linux-x86_64-fedora-clang 0.11.1 194.18 OK
r-devel-linux-x86_64-fedora-gcc 0.11.1 198.82 OK
r-devel-windows-x86_64-new-UL 0.11.1 38.00 172.00 210.00 OK
r-devel-windows-x86_64-new-TK 0.11.1 ERROR
r-patched-linux-x86_64 0.11.1 18.52 148.61 167.13 OK
r-release-linux-x86_64 0.11.1 10.01 147.92 157.93 OK
r-release-macos-arm64 0.11.1 OK
r-release-macos-x86_64 0.11.1 OK
r-release-windows-ix86+x86_64 0.11.1 29.00 175.00 204.00 OK
r-oldrel-macos-x86_64 0.11.1 OK
r-oldrel-windows-ix86+x86_64 0.11.1 29.00 185.00 214.00 OK

Check Details

Version: 0.11.1
Check: package dependencies
Result: ERROR
    Packages required but not available: 'lme4', 'car'
    
    Packages suggested but not available for checking: 'lmerTest', 'phia'
    
    See section 'The DESCRIPTION file' in the 'Writing R Extensions'
    manual.
Flavor: r-devel-windows-x86_64-new-TK