Last updated on 2024-07-13 10:48:51 CEST.
Flavor | Version | Tinstall | Tcheck | Ttotal | Status | Flags |
---|---|---|---|---|---|---|
r-devel-linux-x86_64-debian-clang | 1.2.0 | 16.66 | 161.08 | 177.74 | OK | |
r-devel-linux-x86_64-debian-gcc | 1.2.0 | 12.36 | 121.44 | 133.80 | OK | |
r-devel-linux-x86_64-fedora-clang | 1.2.0 | 239.14 | OK | |||
r-devel-linux-x86_64-fedora-gcc | 1.2.0 | 266.68 | OK | |||
r-devel-windows-x86_64 | 1.2.0 | 14.00 | 133.00 | 147.00 | NOTE | |
r-patched-linux-x86_64 | 1.2.0 | 15.07 | 151.60 | 166.67 | OK | |
r-release-linux-x86_64 | 1.2.0 | 10.02 | 152.95 | 162.97 | OK | |
r-release-macos-arm64 | 1.2.0 | 98.00 | OK | |||
r-release-macos-x86_64 | 1.2.0 | 132.00 | OK | |||
r-release-windows-x86_64 | 1.2.0 | 13.00 | 136.00 | 149.00 | OK | |
r-oldrel-macos-arm64 | 1.2.0 | 103.00 | OK | |||
r-oldrel-macos-x86_64 | 1.2.0 | 232.00 | OK | |||
r-oldrel-windows-x86_64 | 1.2.0 | 18.00 | 172.00 | 190.00 | OK |
Version: 1.2.0
Check: Rd cross-references
Result: NOTE
Found the following Rd file(s) with Rd \link{} targets missing package
anchors:
model_grid.Rd: train
Please provide package anchors for all Rd \link{} targets not in the
package itself and the base packages.
Flavor: r-devel-windows-x86_64