Last updated on 2024-06-29 10:49:04 CEST.
Flavor | Version | Tinstall | Tcheck | Ttotal | Status | Flags |
---|---|---|---|---|---|---|
r-devel-linux-x86_64-debian-clang | 1.1.17 | 8.37 | 94.63 | 103.00 | OK | |
r-devel-linux-x86_64-debian-gcc | 1.1.17 | 7.23 | 71.11 | 78.34 | OK | |
r-devel-linux-x86_64-fedora-clang | 1.1.17 | 130.90 | NOTE | |||
r-devel-linux-x86_64-fedora-gcc | 1.1.17 | 137.58 | NOTE | |||
r-devel-windows-x86_64 | 1.1.17 | 10.00 | 114.00 | 124.00 | OK | |
r-patched-linux-x86_64 | 1.1.17 | 13.44 | 89.98 | 103.42 | OK | |
r-release-linux-x86_64 | 1.1.17 | 7.59 | 89.55 | 97.14 | OK | |
r-release-macos-arm64 | 1.1.17 | 53.00 | OK | |||
r-release-macos-x86_64 | 1.1.17 | 89.00 | OK | |||
r-release-windows-x86_64 | 1.1.17 | 10.00 | 113.00 | 123.00 | OK | |
r-oldrel-macos-arm64 | 1.1.17 | 62.00 | OK | |||
r-oldrel-macos-x86_64 | 1.1.17 | 111.00 | OK | |||
r-oldrel-windows-x86_64 | 1.1.17 | 12.00 | 128.00 | 140.00 | OK |
Version: 1.1.17
Check: Rd cross-references
Result: NOTE
Undeclared package ‘magrittr’ in Rd xrefs
Flavor: r-devel-linux-x86_64-fedora-clang
Version: 1.1.17
Check: data for non-ASCII characters
Result: NOTE
Note: found 60798 marked UTF-8 strings
Flavors: r-devel-linux-x86_64-fedora-clang, r-devel-linux-x86_64-fedora-gcc