Last updated on 2024-06-29 10:48:59 CEST.
Flavor | Version | Tinstall | Tcheck | Ttotal | Status | Flags |
---|---|---|---|---|---|---|
r-devel-linux-x86_64-debian-clang | 1.3.8 | 53.57 | 113.83 | 167.40 | OK | |
r-devel-linux-x86_64-debian-gcc | 1.3.8 | 33.84 | 83.33 | 117.17 | OK | |
r-devel-linux-x86_64-fedora-clang | 1.3.8 | 202.59 | OK | |||
r-devel-linux-x86_64-fedora-gcc | 1.3.8 | 202.28 | OK | |||
r-devel-windows-x86_64 | 1.3.8 | 39.00 | 108.00 | 147.00 | OK | |
r-patched-linux-x86_64 | 1.3.8 | 29.92 | 107.61 | 137.53 | OK | |
r-release-linux-x86_64 | 1.3.8 | 30.73 | 109.69 | 140.42 | OK | |
r-release-macos-arm64 | 1.3.8 | 49.00 | NOTE | |||
r-release-macos-x86_64 | 1.3.8 | 72.00 | NOTE | |||
r-release-windows-x86_64 | 1.3.8 | 41.00 | 109.00 | 150.00 | OK | |
r-oldrel-macos-arm64 | 1.3.8 | 61.00 | NOTE | |||
r-oldrel-macos-x86_64 | 1.3.8 | 163.00 | NOTE | |||
r-oldrel-windows-x86_64 | 1.3.8 | 49.00 | 140.00 | 189.00 | OK |
Version: 1.3.8
Check: installed package size
Result: NOTE
installed size is 7.4Mb
sub-directories of 1Mb or more:
libs 7.2Mb
Flavors: r-release-macos-arm64, r-release-macos-x86_64, r-oldrel-macos-arm64, r-oldrel-macos-x86_64