Last updated on 2024-06-10 10:58:50 CEST.
Flavor | Version | Tinstall | Tcheck | Ttotal | Status | Flags |
---|---|---|---|---|---|---|
r-devel-linux-x86_64-debian-clang | 1.1.3 | 21.29 | 169.86 | 191.15 | OK | |
r-devel-linux-x86_64-debian-gcc | 1.1.3 | 13.93 | 124.85 | 138.78 | OK | |
r-devel-linux-x86_64-fedora-clang | 1.1.3 | 255.32 | NOTE | |||
r-devel-linux-x86_64-fedora-gcc | 1.1.3 | 218.99 | NOTE | |||
r-devel-windows-x86_64 | 1.1.3 | 16.00 | 148.00 | 164.00 | OK | |
r-patched-linux-x86_64 | 1.1.3 | 18.10 | 163.60 | 181.70 | OK | |
r-release-linux-x86_64 | 1.1.3 | 12.05 | 164.71 | 176.76 | OK | |
r-release-macos-arm64 | 1.1.3 | 59.00 | OK | |||
r-release-macos-x86_64 | 1.1.3 | 93.00 | OK | |||
r-release-windows-x86_64 | 1.1.3 | 16.00 | 150.00 | 166.00 | OK | |
r-oldrel-macos-arm64 | 1.1.3 | 76.00 | OK | |||
r-oldrel-macos-x86_64 | 1.1.3 | 142.00 | OK | |||
r-oldrel-windows-x86_64 | 1.1.3 | 23.00 | 186.00 | 209.00 | OK |
Version: 1.1.3
Check: data for non-ASCII characters
Result: NOTE
Note: found 42 marked UTF-8 strings
Flavors: r-devel-linux-x86_64-fedora-clang, r-devel-linux-x86_64-fedora-gcc