Last updated on 2024-06-07 09:54:07 CEST.
Flavor | Version | Tinstall | Tcheck | Ttotal | Status | Flags |
---|---|---|---|---|---|---|
r-devel-linux-x86_64-debian-clang | 7.5.1 | 33.06 | 232.21 | 265.27 | OK | |
r-devel-linux-x86_64-debian-gcc | 7.5.1 | 29.04 | 179.81 | 208.85 | OK | |
r-devel-linux-x86_64-fedora-clang | 7.5.1 | 356.73 | NOTE | |||
r-devel-linux-x86_64-fedora-gcc | 7.5.1 | 345.82 | OK | |||
r-devel-windows-x86_64 | 7.5.1 | 31.00 | 199.00 | 230.00 | NOTE | |
r-patched-linux-x86_64 | 7.5.1 | 33.01 | 222.49 | 255.50 | OK | |
r-release-linux-x86_64 | 7.5.1 | 34.12 | 227.70 | 261.82 | OK | |
r-release-macos-arm64 | 7.5.1 | 119.00 | NOTE | |||
r-release-macos-x86_64 | 7.5.1 | 192.00 | NOTE | |||
r-release-windows-x86_64 | 7.5.1 | 33.00 | 225.00 | 258.00 | NOTE | |
r-oldrel-macos-arm64 | 7.5.1 | 132.00 | NOTE | |||
r-oldrel-macos-x86_64 | 7.5.1 | 208.00 | NOTE | |||
r-oldrel-windows-x86_64 | 7.5.1 | 39.00 | 232.00 | 271.00 | NOTE |
Version: 7.5.1
Check: installed package size
Result: NOTE
installed size is 6.0Mb
sub-directories of 1Mb or more:
R 5.9Mb
Flavors: r-devel-linux-x86_64-fedora-clang, r-devel-windows-x86_64, r-release-macos-arm64, r-release-macos-x86_64, r-release-windows-x86_64, r-oldrel-macos-arm64, r-oldrel-macos-x86_64, r-oldrel-windows-x86_64