Last updated on 2024-06-10 10:58:49 CEST.
Flavor | Version | Tinstall | Tcheck | Ttotal | Status | Flags |
---|---|---|---|---|---|---|
r-devel-linux-x86_64-debian-clang | 1.9.1 | 34.58 | 454.36 | 488.94 | OK | |
r-devel-linux-x86_64-debian-gcc | 1.9.1 | 25.25 | 265.25 | 290.50 | OK | |
r-devel-linux-x86_64-fedora-clang | 1.9.1 | 598.22 | NOTE | |||
r-devel-linux-x86_64-fedora-gcc | 1.9.1 | 571.09 | OK | |||
r-devel-windows-x86_64 | 1.9.1 | 27.00 | 334.00 | 361.00 | OK | |
r-patched-linux-x86_64 | 1.9.1 | 36.45 | 338.45 | 374.90 | OK | |
r-release-linux-x86_64 | 1.9.1 | 27.74 | 427.41 | 455.15 | OK | |
r-release-macos-arm64 | 1.9.1 | 149.00 | OK | |||
r-release-macos-x86_64 | 1.9.1 | 275.00 | WARN | |||
r-release-windows-x86_64 | 1.9.1 | 25.00 | 342.00 | 367.00 | OK | |
r-oldrel-macos-arm64 | 1.9.1 | 146.00 | OK | |||
r-oldrel-macos-x86_64 | 1.9.1 | 235.00 | OK | |||
r-oldrel-windows-x86_64 | 1.9.1 | 33.00 | 458.00 | 491.00 | OK |
Version: 1.9.1
Check: Rd cross-references
Result: NOTE
Undeclared package ‘cubature’ in Rd xrefs
Flavor: r-devel-linux-x86_64-fedora-clang
Version: 1.9.1
Check: re-building of vignette outputs
Result: WARN
Error(s) in re-building vignettes:
--- re-building ‘Resampling.Rmd’ using rmarkdown
--- finished re-building ‘Resampling.Rmd’
--- re-building ‘mosaic-resources.Rmd’ using rmarkdown
--- finished re-building ‘mosaic-resources.Rmd’
--- re-building ‘MinimalRgg.Rnw’ using knitr
Error: processing vignette 'MinimalRgg.Rnw' failed with diagnostics:
Running 'texi2dvi' on 'MinimalRgg.tex' failed.
LaTeX errors:
! Undefined control sequence.
l.245 \hlkwd{apropos}\hldef
{()}
?
! Emergency stop.
! Emergency stop.
l.245
End of file on the terminal!
! ==> Fatal error occurred, no output PDF file produced!
--- failed re-building ‘MinimalRgg.Rnw’
SUMMARY: processing the following file failed:
‘MinimalRgg.Rnw’
Error: Vignette re-building failed.
Execution halted
Flavor: r-release-macos-x86_64