Last updated on 2024-06-10 10:58:47 CEST.
Flavor | Version | Tinstall | Tcheck | Ttotal | Status | Flags |
---|---|---|---|---|---|---|
r-devel-linux-x86_64-debian-clang | 1.1 | 32.99 | 80.86 | 113.85 | NOTE | |
r-devel-linux-x86_64-debian-gcc | 1.1 | 24.07 | 59.71 | 83.78 | NOTE | |
r-devel-linux-x86_64-fedora-clang | 1.1 | 154.23 | NOTE | |||
r-devel-linux-x86_64-fedora-gcc | 1.1 | 148.39 | NOTE | |||
r-devel-windows-x86_64 | 1.1 | 31.00 | 88.00 | 119.00 | NOTE | |
r-patched-linux-x86_64 | 1.1 | 30.14 | 77.80 | 107.94 | NOTE | |
r-release-linux-x86_64 | 1.1 | 33.14 | 75.21 | 108.35 | NOTE | |
r-release-macos-arm64 | 1.1 | 40.00 | NOTE | |||
r-release-macos-x86_64 | 1.1 | 62.00 | NOTE | |||
r-release-windows-x86_64 | 1.1 | 31.00 | 92.00 | 123.00 | NOTE | |
r-oldrel-macos-arm64 | 1.1 | 47.00 | NOTE | |||
r-oldrel-macos-x86_64 | 1.1 | 73.00 | NOTE | |||
r-oldrel-windows-x86_64 | 1.1 | 37.00 | 118.00 | 155.00 | NOTE |
Version: 1.1
Check: C++ specification
Result: NOTE
Specified C++11: please drop specification unless essential
Flavors: r-devel-linux-x86_64-debian-clang, r-devel-linux-x86_64-debian-gcc, r-devel-linux-x86_64-fedora-clang, r-devel-linux-x86_64-fedora-gcc, r-devel-windows-x86_64, r-patched-linux-x86_64, r-release-linux-x86_64, r-release-macos-arm64, r-release-macos-x86_64, r-release-windows-x86_64, r-oldrel-macos-arm64, r-oldrel-macos-x86_64, r-oldrel-windows-x86_64