Last updated on 2024-07-27 10:49:13 CEST.
Flavor | Version | Tinstall | Tcheck | Ttotal | Status | Flags |
---|---|---|---|---|---|---|
r-devel-linux-x86_64-debian-clang | 0.4-0 | 70.86 | 76.69 | 147.55 | OK | |
r-devel-linux-x86_64-debian-gcc | 0.4-0 | OK | ||||
r-devel-linux-x86_64-fedora-clang | 0.4-0 | 209.89 | NOTE | |||
r-devel-linux-x86_64-fedora-gcc | 0.4-0 | 217.05 | OK | |||
r-devel-windows-x86_64 | 0.4-0 | 53.00 | 99.00 | 152.00 | OK | |
r-patched-linux-x86_64 | 0.4-0 | OK | ||||
r-release-linux-x86_64 | 0.4-0 | 57.78 | 97.38 | 155.16 | OK | |
r-release-macos-arm64 | 0.4-0 | 68.00 | NOTE | |||
r-release-macos-x86_64 | 0.4-0 | 133.00 | NOTE | |||
r-release-windows-x86_64 | 0.4-0 | 62.00 | 94.00 | 156.00 | OK | |
r-oldrel-macos-arm64 | 0.4-0 | 79.00 | NOTE | |||
r-oldrel-macos-x86_64 | 0.4-0 | 118.00 | NOTE | |||
r-oldrel-windows-x86_64 | 0.4-0 | 62.00 | 113.00 | 175.00 | OK |
Version: 0.4-0
Check: Rd cross-references
Result: NOTE
Undeclared package ‘lme4’ in Rd xrefs
Flavor: r-devel-linux-x86_64-fedora-clang
Version: 0.4-0
Check: installed package size
Result: NOTE
installed size is 5.9Mb
sub-directories of 1Mb or more:
libs 5.0Mb
Flavors: r-release-macos-arm64, r-release-macos-x86_64, r-oldrel-macos-arm64, r-oldrel-macos-x86_64