Last updated on 2024-06-10 09:49:02 CEST.
Flavor | Version | Tinstall | Tcheck | Ttotal | Status | Flags |
---|---|---|---|---|---|---|
r-devel-linux-x86_64-debian-clang | 1.0.0 | 17.01 | 189.74 | 206.75 | OK | |
r-devel-linux-x86_64-debian-gcc | 1.0.0 | 15.86 | 136.34 | 152.20 | OK | |
r-devel-linux-x86_64-fedora-clang | 1.0.0 | 258.50 | NOTE | |||
r-devel-linux-x86_64-fedora-gcc | 1.0.0 | 243.34 | OK | |||
r-devel-windows-x86_64 | 1.0.0 | 17.00 | 139.00 | 156.00 | OK | |
r-patched-linux-x86_64 | 1.0.0 | 19.48 | 178.40 | 197.88 | OK | |
r-release-linux-x86_64 | 1.0.0 | 19.84 | 177.70 | 197.54 | OK | |
r-release-macos-arm64 | 1.0.0 | 66.00 | OK | |||
r-release-macos-x86_64 | 1.0.0 | 95.00 | OK | |||
r-release-windows-x86_64 | 1.0.0 | 20.00 | 140.00 | 160.00 | OK | |
r-oldrel-macos-arm64 | 1.0.0 | 70.00 | OK | |||
r-oldrel-macos-x86_64 | 1.0.0 | 122.00 | OK | |||
r-oldrel-windows-x86_64 | 1.0.0 | 24.00 | 182.00 | 206.00 | OK |
Version: 1.0.0
Check: package dependencies
Result: NOTE
Imports includes 23 non-default packages.
Importing from so many packages makes the package vulnerable to any of
them becoming unavailable. Move as many as possible to Suggests and
use conditionally.
Flavor: r-devel-linux-x86_64-fedora-clang