Last updated on 2024-06-07 09:53:59 CEST.
Flavor | Version | Tinstall | Tcheck | Ttotal | Status | Flags |
---|---|---|---|---|---|---|
r-devel-linux-x86_64-debian-clang | 2.1.10 | 3.75 | 33.68 | 37.43 | OK | |
r-devel-linux-x86_64-debian-gcc | 2.1.10 | 2.96 | 25.09 | 28.05 | OK | |
r-devel-linux-x86_64-fedora-clang | 2.1.10 | 47.57 | NOTE | |||
r-devel-linux-x86_64-fedora-gcc | 2.1.10 | 44.89 | OK | |||
r-devel-windows-x86_64 | 2.1.10 | 5.00 | 54.00 | 59.00 | OK | |
r-patched-linux-x86_64 | 2.1.10 | 3.17 | 31.46 | 34.63 | OK | |
r-release-linux-x86_64 | 2.1.10 | 3.62 | 31.13 | 34.75 | OK | |
r-release-macos-arm64 | 2.1.10 | 19.00 | OK | |||
r-release-macos-x86_64 | 2.1.10 | 28.00 | OK | |||
r-release-windows-x86_64 | 2.1.10 | 6.00 | 55.00 | 61.00 | OK | |
r-oldrel-macos-arm64 | 2.1.10 | 24.00 | OK | |||
r-oldrel-macos-x86_64 | 2.1.10 | 34.00 | NOTE | |||
r-oldrel-windows-x86_64 | 2.1.10 | 7.00 | 57.00 | 64.00 | OK |
Version: 2.1.10
Check: Rd cross-references
Result: NOTE
Undeclared package ‘fGarch’ in Rd xrefs
Flavor: r-devel-linux-x86_64-fedora-clang
Version: 2.1.10
Check: Rd cross-references
Result: NOTE
Package unavailable to check Rd xrefs: ‘fGarch’
Flavor: r-oldrel-macos-x86_64