Last updated on 2024-06-07 09:53:58 CEST.
Flavor | Version | Tinstall | Tcheck | Ttotal | Status | Flags |
---|---|---|---|---|---|---|
r-devel-linux-x86_64-debian-clang | 0.6.9 | 56.90 | 213.09 | 269.99 | OK | |
r-devel-linux-x86_64-debian-gcc | 0.6.9 | 35.70 | 158.80 | 194.50 | OK | |
r-devel-linux-x86_64-fedora-clang | 0.6.9 | 351.12 | OK | |||
r-devel-linux-x86_64-fedora-gcc | 0.6.9 | 249.71 | OK | |||
r-devel-windows-x86_64 | 0.6.9 | 40.00 | 185.00 | 225.00 | OK | |
r-patched-linux-x86_64 | 0.6.9 | 40.46 | 205.83 | 246.29 | OK | |
r-release-linux-x86_64 | 0.6.9 | 31.20 | 205.39 | 236.59 | OK | |
r-release-macos-arm64 | 0.6.9 | 96.00 | OK | |||
r-release-macos-x86_64 | 0.6.9 | 144.00 | OK | |||
r-release-windows-x86_64 | 0.6.9 | 42.00 | 185.00 | 227.00 | OK | |
r-oldrel-macos-arm64 | 0.6.9 | 80.00 | NOTE | |||
r-oldrel-macos-x86_64 | 0.6.9 | 166.00 | NOTE | |||
r-oldrel-windows-x86_64 | 0.6.9 | 51.00 | 250.00 | 301.00 | OK |
Version: 0.6.9
Check: package dependencies
Result: NOTE
Packages suggested but not available for checking: 'HiTC', 'snpStats'
Flavor: r-oldrel-macos-arm64
Version: 0.6.9
Check: Rd cross-references
Result: NOTE
Package unavailable to check Rd xrefs: ‘snpStats’
Flavor: r-oldrel-macos-arm64
Version: 0.6.9
Check: package dependencies
Result: NOTE
Package suggested but not available for checking: ‘HiTC’
Flavor: r-oldrel-macos-x86_64