Last updated on 2024-06-07 09:54:10 CEST.
Flavor | Version | Tinstall | Tcheck | Ttotal | Status | Flags |
---|---|---|---|---|---|---|
r-devel-linux-x86_64-debian-clang | 2.9-2 | 64.51 | 312.01 | 376.52 | OK | |
r-devel-linux-x86_64-debian-gcc | 2.9-2 | 43.53 | 225.68 | 269.21 | OK | |
r-devel-linux-x86_64-fedora-clang | 2.9-2 | 479.79 | NOTE | |||
r-devel-linux-x86_64-fedora-gcc | 2.9-2 | 473.36 | OK | |||
r-devel-windows-x86_64 | 2.9-2 | 37.00 | 389.00 | 426.00 | NOTE | |
r-patched-linux-x86_64 | 2.9-2 | 48.58 | 294.49 | 343.07 | OK | |
r-release-linux-x86_64 | 2.9-2 | 52.76 | 293.40 | 346.16 | OK | |
r-release-macos-arm64 | 2.9-2 | 173.00 | NOTE | |||
r-release-macos-x86_64 | 2.9-2 | 189.00 | NOTE | |||
r-release-windows-x86_64 | 2.9-2 | 35.00 | 211.00 | 246.00 | NOTE | |
r-oldrel-macos-arm64 | 2.9-2 | 115.00 | NOTE | |||
r-oldrel-macos-x86_64 | 2.9-2 | 192.00 | NOTE | |||
r-oldrel-windows-x86_64 | 2.9-2 | 42.00 | 264.00 | 306.00 | NOTE |
Version: 2.9-2
Check: installed package size
Result: NOTE
installed size is 8.0Mb
sub-directories of 1Mb or more:
R 1.2Mb
doc 3.5Mb
po 2.5Mb
Flavors: r-devel-linux-x86_64-fedora-clang, r-devel-windows-x86_64, r-release-macos-arm64, r-release-macos-x86_64, r-release-windows-x86_64, r-oldrel-macos-arm64, r-oldrel-macos-x86_64, r-oldrel-windows-x86_64