Last updated on 2024-07-27 10:49:14 CEST.
Flavor | Version | Tinstall | Tcheck | Ttotal | Status | Flags |
---|---|---|---|---|---|---|
r-devel-linux-x86_64-debian-clang | 1.0.5 | 2.72 | 304.63 | 307.35 | NOTE | |
r-devel-linux-x86_64-debian-gcc | 1.0.5 | NOTE | ||||
r-devel-linux-x86_64-fedora-clang | 1.0.5 | 365.95 | NOTE | |||
r-devel-linux-x86_64-fedora-gcc | 1.0.5 | 370.01 | NOTE | |||
r-devel-windows-x86_64 | 1.0.5 | 4.00 | 209.00 | 213.00 | NOTE | |
r-patched-linux-x86_64 | 1.0.5 | NOTE | ||||
r-release-linux-x86_64 | 1.0.5 | 2.91 | 283.91 | 286.82 | NOTE | |
r-release-macos-arm64 | 1.0.5 | 100.00 | NOTE | |||
r-release-macos-x86_64 | 1.0.5 | 151.00 | NOTE | |||
r-release-windows-x86_64 | 1.0.5 | 4.00 | 211.00 | 215.00 | NOTE | |
r-oldrel-macos-arm64 | 1.0.5 | 110.00 | NOTE | |||
r-oldrel-macos-x86_64 | 1.0.5 | 171.00 | NOTE | |||
r-oldrel-windows-x86_64 | 1.0.5 | 5.00 | 235.00 | 240.00 | NOTE |
Version: 1.0.5
Check: LazyData
Result: NOTE
'LazyData' is specified without a 'data' directory
Flavors: r-devel-linux-x86_64-debian-clang, r-devel-linux-x86_64-debian-gcc, r-devel-linux-x86_64-fedora-clang, r-devel-linux-x86_64-fedora-gcc, r-devel-windows-x86_64, r-patched-linux-x86_64, r-release-linux-x86_64, r-release-macos-arm64, r-release-macos-x86_64, r-release-windows-x86_64, r-oldrel-macos-arm64, r-oldrel-macos-x86_64, r-oldrel-windows-x86_64