Last updated on 2024-06-10 09:49:01 CEST.
Flavor | Version | Tinstall | Tcheck | Ttotal | Status | Flags |
---|---|---|---|---|---|---|
r-devel-linux-x86_64-debian-clang | 1.2 | 2.89 | 31.35 | 34.24 | NOTE | |
r-devel-linux-x86_64-debian-gcc | 1.2 | 2.55 | 24.16 | 26.71 | NOTE | |
r-devel-linux-x86_64-fedora-clang | 1.2 | 44.37 | NOTE | |||
r-devel-linux-x86_64-fedora-gcc | 1.2 | 41.02 | NOTE | |||
r-devel-windows-x86_64 | 1.2 | 4.00 | 46.00 | 50.00 | NOTE | |
r-patched-linux-x86_64 | 1.2 | 3.22 | 30.71 | 33.93 | NOTE | |
r-release-linux-x86_64 | 1.2 | 2.68 | 30.02 | 32.70 | NOTE | |
r-release-macos-arm64 | 1.2 | 16.00 | NOTE | |||
r-release-macos-x86_64 | 1.2 | 23.00 | NOTE | |||
r-release-windows-x86_64 | 1.2 | 4.00 | 45.00 | 49.00 | NOTE | |
r-oldrel-macos-arm64 | 1.2 | 18.00 | NOTE | |||
r-oldrel-macos-x86_64 | 1.2 | 23.00 | NOTE | |||
r-oldrel-windows-x86_64 | 1.2 | 5.00 | 46.00 | 51.00 | NOTE |
Version: 1.2
Check: LazyData
Result: NOTE
'LazyData' is specified without a 'data' directory
Flavors: r-devel-linux-x86_64-debian-clang, r-devel-linux-x86_64-debian-gcc, r-devel-linux-x86_64-fedora-clang, r-devel-linux-x86_64-fedora-gcc, r-devel-windows-x86_64, r-patched-linux-x86_64, r-release-linux-x86_64, r-release-macos-arm64, r-release-macos-x86_64, r-release-windows-x86_64, r-oldrel-macos-arm64, r-oldrel-macos-x86_64, r-oldrel-windows-x86_64