Last updated on 2024-06-07 09:53:59 CEST.
Flavor | Version | Tinstall | Tcheck | Ttotal | Status | Flags |
---|---|---|---|---|---|---|
r-devel-linux-x86_64-debian-clang | 0.2.2 | 7.74 | 54.55 | 62.29 | NOTE | |
r-devel-linux-x86_64-debian-gcc | 0.2.2 | 5.76 | 39.90 | 45.66 | NOTE | |
r-devel-linux-x86_64-fedora-clang | 0.2.2 | 78.86 | NOTE | |||
r-devel-linux-x86_64-fedora-gcc | 0.2.2 | 76.03 | NOTE | |||
r-devel-windows-x86_64 | 0.2.2 | 8.00 | 63.00 | 71.00 | NOTE | |
r-patched-linux-x86_64 | 0.2.2 | 6.16 | 50.80 | 56.96 | NOTE | |
r-release-linux-x86_64 | 0.2.2 | 6.85 | 51.86 | 58.71 | NOTE | |
r-release-macos-arm64 | 0.2.2 | 24.00 | NOTE | |||
r-release-macos-x86_64 | 0.2.2 | 35.00 | NOTE | |||
r-release-windows-x86_64 | 0.2.2 | 8.00 | 68.00 | 76.00 | NOTE | |
r-oldrel-macos-arm64 | 0.2.2 | 24.00 | OK | |||
r-oldrel-macos-x86_64 | 0.2.2 | 36.00 | OK | |||
r-oldrel-windows-x86_64 | 0.2.2 | 10.00 | 69.00 | 79.00 | OK |
Version: 0.2.2
Check: Rd files
Result: NOTE
checkRd: (-1) module_calibrationfile_server.Rd:19: Lost braces; missing escapes or markup?
19 | expression: input_re = reactive({input})}
| ^
checkRd: (-1) module_correctedplots_server.Rd:19: Lost braces; missing escapes or markup?
19 | expression: input_re = reactive({input})}
| ^
checkRd: (-1) module_correctedstats_server.Rd:19: Lost braces; missing escapes or markup?
19 | expression: input_re = reactive({input})}
| ^
checkRd: (-1) module_fileupload_server.Rd:19: Lost braces; missing escapes or markup?
19 | expression: input_re = reactive({input})}
| ^
checkRd: (-1) module_info_server.Rd:19: Lost braces; missing escapes or markup?
19 | expression: input_re = reactive({input})}
| ^
checkRd: (-1) module_log_server.Rd:19: Lost braces; missing escapes or markup?
19 | expression: input_re = reactive({input})}
| ^
checkRd: (-1) module_modelselection_server.Rd:19: Lost braces; missing escapes or markup?
19 | expression: input_re = reactive({input})}
| ^
checkRd: (-1) module_plotting_server.Rd:19: Lost braces; missing escapes or markup?
19 | expression: input_re = reactive({input})}
| ^
checkRd: (-1) module_results_server.Rd:19: Lost braces; missing escapes or markup?
19 | expression: input_re = reactive({input})}
| ^
checkRd: (-1) module_settings_server.Rd:19: Lost braces; missing escapes or markup?
19 | expression: input_re = reactive({input})}
| ^
checkRd: (-1) module_statistics_server.Rd:19: Lost braces; missing escapes or markup?
19 | expression: input_re = reactive({input})}
| ^
Flavors: r-devel-linux-x86_64-debian-clang, r-devel-linux-x86_64-debian-gcc, r-devel-linux-x86_64-fedora-clang, r-devel-linux-x86_64-fedora-gcc, r-devel-windows-x86_64, r-patched-linux-x86_64, r-release-linux-x86_64, r-release-macos-arm64, r-release-macos-x86_64, r-release-windows-x86_64