Last updated on 2024-08-16 09:49:19 CEST.
Flavor | Version | Tinstall | Tcheck | Ttotal | Status | Flags |
---|---|---|---|---|---|---|
r-devel-linux-x86_64-debian-clang | 1.0.7 | 9.43 | 216.02 | 225.45 | NOTE | |
r-devel-linux-x86_64-debian-gcc | 1.0.7 | 7.38 | 155.83 | 163.21 | NOTE | |
r-devel-linux-x86_64-fedora-clang | 1.0.7 | 361.37 | NOTE | |||
r-devel-linux-x86_64-fedora-gcc | 1.0.7 | 373.17 | NOTE | |||
r-devel-windows-x86_64 | 1.0.7 | 12.00 | 209.00 | 221.00 | NOTE | |
r-patched-linux-x86_64 | 1.0.7 | 16.95 | 201.43 | 218.38 | OK | |
r-release-linux-x86_64 | 1.0.7 | 10.22 | 206.15 | 216.37 | OK | |
r-release-macos-arm64 | 1.0.7 | 129.00 | NOTE | |||
r-release-macos-x86_64 | 1.0.7 | 216.00 | OK | |||
r-release-windows-x86_64 | 1.0.7 | 12.00 | 208.00 | 220.00 | OK | |
r-oldrel-macos-arm64 | 1.0.7 | 144.00 | NOTE | |||
r-oldrel-macos-x86_64 | 1.0.7 | 206.00 | OK | |||
r-oldrel-windows-x86_64 | 1.0.7 | 16.00 | 252.00 | 268.00 | OK |
Version: 1.0.7
Check: Rd cross-references
Result: NOTE
Found the following Rd file(s) with Rd \link{} targets missing package
anchors:
scale_manual.Rd: discrete_scale
Please provide package anchors for all Rd \link{} targets not in the
package itself and the base packages.
Flavors: r-devel-linux-x86_64-debian-clang, r-devel-linux-x86_64-debian-gcc, r-devel-windows-x86_64
Version: 1.0.7
Check: package dependencies
Result: NOTE
Imports includes 23 non-default packages.
Importing from so many packages makes the package vulnerable to any of
them becoming unavailable. Move as many as possible to Suggests and
use conditionally.
Flavor: r-devel-linux-x86_64-fedora-clang
Version: 1.0.7
Check: dependencies in R code
Result: NOTE
Namespace in Imports field not imported from: ‘tidyverse’
All declared Imports should be used.
Flavors: r-devel-linux-x86_64-fedora-clang, r-devel-linux-x86_64-fedora-gcc
Version: 1.0.7
Check: package dependencies
Result: NOTE
Package suggested but not available for checking: ‘Rblpapi’
Flavors: r-release-macos-arm64, r-oldrel-macos-arm64
Version: 1.0.7
Check: Rd cross-references
Result: NOTE
Package unavailable to check Rd xrefs: ‘Rblpapi’
Flavors: r-release-macos-arm64, r-oldrel-macos-arm64