Last updated on 2024-08-16 09:49:17 CEST.
Flavor | Version | Tinstall | Tcheck | Ttotal | Status | Flags |
---|---|---|---|---|---|---|
r-devel-linux-x86_64-debian-clang | 4.1-15 | 250.01 | 315.59 | 565.60 | OK | |
r-devel-linux-x86_64-debian-gcc | 4.1-15 | 161.90 | 193.09 | 354.99 | OK | |
r-devel-linux-x86_64-fedora-clang | 4.1-15 | 984.38 | NOTE | |||
r-devel-linux-x86_64-fedora-gcc | 4.1-15 | 986.94 | OK | |||
r-devel-windows-x86_64 | 4.1-15 | 245.00 | 349.00 | 594.00 | NOTE | |
r-patched-linux-x86_64 | 4.1-15 | 245.18 | 295.07 | 540.25 | OK | |
r-release-linux-x86_64 | 4.1-15 | 237.58 | 295.60 | 533.18 | OK | |
r-release-macos-arm64 | 4.1-15 | 186.00 | NOTE | |||
r-release-macos-x86_64 | 4.1-15 | 289.00 | NOTE | |||
r-release-windows-x86_64 | 4.1-15 | 247.00 | 349.00 | 596.00 | NOTE | |
r-oldrel-macos-arm64 | 4.1-15 | 201.00 | NOTE | |||
r-oldrel-macos-x86_64 | 4.1-15 | 400.00 | NOTE | |||
r-oldrel-windows-x86_64 | 4.1-15 | 294.00 | 457.00 | 751.00 | NOTE |
Version: 4.1-15
Check: installed package size
Result: NOTE
installed size is 5.3Mb
sub-directories of 1Mb or more:
R 2.2Mb
libs 1.0Mb
Flavors: r-devel-linux-x86_64-fedora-clang, r-devel-windows-x86_64, r-release-macos-arm64, r-release-macos-x86_64, r-release-windows-x86_64, r-oldrel-macos-arm64, r-oldrel-macos-x86_64, r-oldrel-windows-x86_64