Last updated on 2024-08-16 09:49:15 CEST.
Flavor | Version | Tinstall | Tcheck | Ttotal | Status | Flags |
---|---|---|---|---|---|---|
r-devel-linux-x86_64-debian-clang | 1.0.1 | 22.64 | 200.33 | 222.97 | NOTE | |
r-devel-linux-x86_64-debian-gcc | 1.0.1 | 13.17 | 121.34 | 134.51 | NOTE | |
r-devel-linux-x86_64-fedora-clang | 1.0.1 | 358.57 | NOTE | |||
r-devel-linux-x86_64-fedora-gcc | 1.0.1 | 346.38 | NOTE | |||
r-devel-windows-x86_64 | 1.0.1 | 21.00 | 164.00 | 185.00 | NOTE | |
r-patched-linux-x86_64 | 1.0.1 | 21.59 | 184.05 | 205.64 | NOTE | |
r-release-linux-x86_64 | 1.0.1 | 21.80 | 192.10 | 213.90 | NOTE | |
r-release-macos-arm64 | 1.0.1 | 91.00 | NOTE | |||
r-release-macos-x86_64 | 1.0.1 | 150.00 | NOTE | |||
r-release-windows-x86_64 | 1.0.1 | 20.00 | 162.00 | 182.00 | NOTE | |
r-oldrel-macos-arm64 | 1.0.1 | 96.00 | NOTE | |||
r-oldrel-macos-x86_64 | 1.0.1 | 193.00 | NOTE | |||
r-oldrel-windows-x86_64 | 1.0.1 | 27.00 | 215.00 | 242.00 | NOTE |
Version: 1.0.1
Check: package dependencies
Result: NOTE
Package suggested but not available for checking: ‘rnaturalearthhires’
Flavors: r-devel-linux-x86_64-debian-clang, r-devel-linux-x86_64-debian-gcc, r-devel-linux-x86_64-fedora-clang, r-devel-linux-x86_64-fedora-gcc, r-devel-windows-x86_64, r-patched-linux-x86_64, r-release-linux-x86_64, r-release-macos-arm64, r-release-macos-x86_64, r-release-windows-x86_64, r-oldrel-macos-arm64, r-oldrel-macos-x86_64, r-oldrel-windows-x86_64
Version: 1.0.1
Check: Rd cross-references
Result: NOTE
Undeclared package ‘raster’ in Rd xrefs
Flavor: r-devel-linux-x86_64-fedora-clang
Version: 1.0.1
Check: data for non-ASCII characters
Result: NOTE
Note: found 2800 marked UTF-8 strings
Flavors: r-devel-linux-x86_64-fedora-clang, r-devel-linux-x86_64-fedora-gcc