Last updated on 2024-08-13 10:50:30 CEST.
Flavor | Version | Tinstall | Tcheck | Ttotal | Status | Flags |
---|---|---|---|---|---|---|
r-devel-linux-x86_64-debian-clang | 0.3.1 | 10.01 | 58.11 | 68.12 | NOTE | |
r-devel-linux-x86_64-debian-gcc | 0.3.1 | 7.29 | 40.46 | 47.75 | NOTE | |
r-devel-linux-x86_64-fedora-clang | 0.3.1 | 117.40 | NOTE | |||
r-devel-linux-x86_64-fedora-gcc | 0.3.1 | 120.58 | NOTE | |||
r-devel-windows-x86_64 | 0.3.1 | 15.00 | 91.00 | 106.00 | NOTE | |
r-patched-linux-x86_64 | 0.3.1 | 10.69 | 54.97 | 65.66 | OK | |
r-release-linux-x86_64 | 0.3.1 | 9.78 | 54.78 | 64.56 | OK | |
r-release-macos-arm64 | 0.3.1 | 44.00 | OK | |||
r-release-macos-x86_64 | 0.3.1 | 109.00 | OK | |||
r-release-windows-x86_64 | 0.3.1 | 16.00 | 92.00 | 108.00 | OK | |
r-oldrel-macos-arm64 | 0.3.1 | 50.00 | OK | |||
r-oldrel-macos-x86_64 | 0.3.1 | 95.00 | OK | |||
r-oldrel-windows-x86_64 | 0.3.1 | 17.00 | 101.00 | 118.00 | OK |
Version: 0.3.1
Check: compiled code
Result: NOTE
File ‘poputils/libs/poputils.so’:
Found non-API calls to R: ‘SETLENGTH’, ‘SET_GROWABLE_BIT’,
‘SET_TRUELENGTH’
Compiled code should not call non-API entry points in R.
See ‘Writing portable packages’ in the ‘Writing R Extensions’ manual,
and section ‘Moving into C API compliance’ for issues with the use of
non-API entry points.
Flavors: r-devel-linux-x86_64-debian-clang, r-devel-linux-x86_64-debian-gcc, r-devel-linux-x86_64-fedora-clang, r-devel-linux-x86_64-fedora-gcc
Version: 0.3.1
Check: compiled code
Result: NOTE
File 'poputils/libs/x64/poputils.dll':
Found non-API calls to R: 'SETLENGTH', 'SET_GROWABLE_BIT',
'SET_TRUELENGTH'
Compiled code should not call non-API entry points in R.
See 'Writing portable packages' in the 'Writing R Extensions' manual,
and section 'Moving into C API compliance' for issues with the use of
non-API entry points.
Flavor: r-devel-windows-x86_64