Last updated on 2024-08-16 09:49:11 CEST.
Flavor | Version | Tinstall | Tcheck | Ttotal | Status | Flags |
---|---|---|---|---|---|---|
r-devel-linux-x86_64-debian-clang | 2.2.2 | 276.23 | 322.90 | 599.13 | NOTE | |
r-devel-linux-x86_64-debian-gcc | 2.2.2 | 205.25 | 249.60 | 454.85 | NOTE | |
r-devel-linux-x86_64-fedora-clang | 2.2.2 | 1073.82 | OK | |||
r-devel-linux-x86_64-fedora-gcc | 2.2.2 | 1215.92 | OK | |||
r-devel-windows-x86_64 | 2.2.2 | 303.00 | 403.00 | 706.00 | NOTE | |
r-patched-linux-x86_64 | 2.2.2 | 283.66 | 402.31 | 685.97 | OK | |
r-release-linux-x86_64 | 2.2.2 | 291.18 | 377.07 | 668.25 | OK | |
r-release-macos-arm64 | 2.2.2 | 254.00 | NOTE | |||
r-release-macos-x86_64 | 2.2.2 | 423.00 | NOTE | |||
r-release-windows-x86_64 | 2.2.2 | 304.00 | 397.00 | 701.00 | OK | |
r-oldrel-macos-arm64 | 2.2.2 | 244.00 | NOTE | |||
r-oldrel-macos-x86_64 | 2.2.2 | 425.00 | NOTE | |||
r-oldrel-windows-x86_64 | 2.2.2 | 364.00 | 497.00 | 861.00 | OK |
Version: 2.2.2
Check: Rd cross-references
Result: NOTE
Found the following Rd file(s) with Rd \link{} targets missing package
anchors:
nmNearPD.Rd: dpoMatrix-class
Please provide package anchors for all Rd \link{} targets not in the
package itself and the base packages.
Flavors: r-devel-linux-x86_64-debian-clang, r-devel-linux-x86_64-debian-gcc, r-devel-windows-x86_64
Version: 2.2.2
Check: installed package size
Result: NOTE
installed size is 20.4Mb
sub-directories of 1Mb or more:
libs 18.8Mb
Flavors: r-release-macos-arm64, r-release-macos-x86_64, r-oldrel-macos-arm64, r-oldrel-macos-x86_64