Last updated on 2024-06-29 10:49:06 CEST.
Flavor | Version | Tinstall | Tcheck | Ttotal | Status | Flags |
---|---|---|---|---|---|---|
r-devel-linux-x86_64-debian-clang | 1.0.17 | 111.22 | 122.15 | 233.37 | OK | |
r-devel-linux-x86_64-debian-gcc | 1.0.17 | 76.54 | 93.93 | 170.47 | OK | |
r-devel-linux-x86_64-fedora-clang | 1.0.17 | 305.57 | OK | |||
r-devel-linux-x86_64-fedora-gcc | 1.0.17 | 304.65 | OK | |||
r-devel-windows-x86_64 | 1.0.17 | 87.00 | 135.00 | 222.00 | OK | |
r-patched-linux-x86_64 | 1.0.17 | 86.68 | 120.04 | 206.72 | OK | |
r-release-linux-x86_64 | 1.0.17 | 96.59 | 120.00 | 216.59 | OK | |
r-release-macos-arm64 | 1.0.17 | 79.00 | NOTE | |||
r-release-macos-x86_64 | 1.0.17 | 90.00 | NOTE | |||
r-release-windows-x86_64 | 1.0.17 | 88.00 | 131.00 | 219.00 | OK | |
r-oldrel-macos-arm64 | 1.0.17 | 83.00 | NOTE | |||
r-oldrel-macos-x86_64 | 1.0.17 | 159.00 | NOTE | |||
r-oldrel-windows-x86_64 | 1.0.17 | 105.00 | 172.00 | 277.00 | OK |
Version: 1.0.17
Check: installed package size
Result: NOTE
installed size is 14.1Mb
sub-directories of 1Mb or more:
data 1.6Mb
libs 12.1Mb
Flavors: r-release-macos-arm64, r-release-macos-x86_64, r-oldrel-macos-arm64, r-oldrel-macos-x86_64