Last updated on 2024-08-16 09:49:10 CEST.
Flavor | Version | Tinstall | Tcheck | Ttotal | Status | Flags |
---|---|---|---|---|---|---|
r-devel-linux-x86_64-debian-clang | 3.5.4 | 149.82 | 229.88 | 379.70 | OK | |
r-devel-linux-x86_64-debian-gcc | 3.5.4 | 110.70 | 148.52 | 259.22 | OK | |
r-devel-linux-x86_64-fedora-clang | 3.5.4 | 689.72 | OK | |||
r-devel-linux-x86_64-fedora-gcc | 3.5.4 | 707.96 | OK | |||
r-devel-windows-x86_64 | 3.5.4 | 168.00 | 258.00 | 426.00 | OK | |
r-patched-linux-x86_64 | 3.5.4 | 149.51 | 214.37 | 363.88 | OK | |
r-release-linux-x86_64 | 3.5.4 | 151.11 | 215.05 | 366.16 | OK | |
r-release-macos-arm64 | 3.5.4 | 149.00 | NOTE | |||
r-release-macos-x86_64 | 3.5.4 | 198.00 | NOTE | |||
r-release-windows-x86_64 | 3.5.4 | 173.00 | 258.00 | 431.00 | OK | |
r-oldrel-macos-arm64 | 3.5.4 | 231.00 | NOTE | |||
r-oldrel-macos-x86_64 | 3.5.4 | 331.00 | NOTE | |||
r-oldrel-windows-x86_64 | 3.5.4 | 203.00 | 324.00 | 527.00 | OK |
Version: 3.5.4
Check: installed package size
Result: NOTE
installed size is 9.8Mb
sub-directories of 1Mb or more:
libs 8.2Mb
Flavors: r-release-macos-arm64, r-release-macos-x86_64, r-oldrel-macos-arm64, r-oldrel-macos-x86_64