Last updated on 2024-08-16 09:49:07 CEST.
Flavor | Version | Tinstall | Tcheck | Ttotal | Status | Flags |
---|---|---|---|---|---|---|
r-devel-linux-x86_64-debian-clang | 2.11.1 | 24.05 | 225.92 | 249.97 | NOTE | |
r-devel-linux-x86_64-debian-gcc | 2.11.1 | 16.59 | 156.93 | 173.52 | NOTE | |
r-devel-linux-x86_64-fedora-clang | 2.11.1 | 440.18 | OK | |||
r-devel-linux-x86_64-fedora-gcc | 2.11.1 | 442.63 | OK | |||
r-devel-windows-x86_64 | 2.11.1 | 27.00 | 237.00 | 264.00 | OK | |
r-patched-linux-x86_64 | 2.11.1 | 26.65 | 213.43 | 240.08 | NOTE | |
r-release-linux-x86_64 | 2.11.1 | 22.48 | 211.65 | 234.13 | NOTE | |
r-release-macos-arm64 | 2.11.1 | 125.00 | NOTE | |||
r-release-macos-x86_64 | 2.11.1 | 304.00 | NOTE | |||
r-release-windows-x86_64 | 2.11.1 | 30.00 | 235.00 | 265.00 | OK | |
r-oldrel-macos-arm64 | 2.11.1 | 136.00 | NOTE | |||
r-oldrel-macos-x86_64 | 2.11.1 | 220.00 | NOTE | |||
r-oldrel-windows-x86_64 | 2.11.1 | 34.00 | 289.00 | 323.00 | NOTE |
Version: 2.11.1
Check: package dependencies
Result: NOTE
Package suggested but not available for checking: ‘INLA’
Flavors: r-devel-linux-x86_64-debian-clang, r-devel-linux-x86_64-debian-gcc, r-patched-linux-x86_64, r-release-linux-x86_64, r-release-macos-arm64, r-release-macos-x86_64, r-oldrel-macos-arm64, r-oldrel-macos-x86_64, r-oldrel-windows-x86_64