Last updated on 2024-08-08 09:48:15 CEST.
Flavor | Version | Tinstall | Tcheck | Ttotal | Status | Flags |
---|---|---|---|---|---|---|
r-devel-linux-x86_64-debian-clang | 0.78 | 41.28 | 325.60 | 366.88 | NOTE | |
r-devel-linux-x86_64-debian-gcc | 0.78 | 26.98 | 220.83 | 247.81 | NOTE | |
r-devel-linux-x86_64-fedora-clang | 0.78 | 579.73 | OK | |||
r-devel-linux-x86_64-fedora-gcc | 0.78 | 541.29 | OK | |||
r-devel-windows-x86_64 | 0.78 | 33.00 | 249.00 | 282.00 | NOTE | |
r-patched-linux-x86_64 | 0.78 | 39.87 | 302.36 | 342.23 | OK | |
r-release-linux-x86_64 | 0.78 | 36.89 | 305.18 | 342.07 | OK | |
r-release-macos-arm64 | 0.78 | 134.00 | OK | |||
r-release-macos-x86_64 | 0.78 | 209.00 | OK | |||
r-release-windows-x86_64 | 0.78 | 34.00 | 246.00 | 280.00 | OK | |
r-oldrel-macos-arm64 | 0.78 | 155.00 | OK | |||
r-oldrel-macos-x86_64 | 0.78 | 401.00 | OK | |||
r-oldrel-windows-x86_64 | 0.78 | 51.00 | 336.00 | 387.00 | OK |
Version: 0.78
Check: Rd cross-references
Result: NOTE
Found the following Rd file(s) with Rd \link{} targets missing package
anchors:
gl.spatial.autoCorr.Rd: gl.propShared, gl.dist.ind
Please provide package anchors for all Rd \link{} targets not in the
package itself and the base packages.
Flavors: r-devel-linux-x86_64-debian-clang, r-devel-linux-x86_64-debian-gcc, r-devel-windows-x86_64