Last updated on 2024-06-29 10:48:56 CEST.
Flavor | Version | Tinstall | Tcheck | Ttotal | Status | Flags |
---|---|---|---|---|---|---|
r-devel-linux-x86_64-debian-clang | 0.1.8 | 4.40 | 49.50 | 53.90 | NOTE | |
r-devel-linux-x86_64-debian-gcc | 0.1.8 | 4.05 | 37.57 | 41.62 | NOTE | |
r-devel-linux-x86_64-fedora-clang | 0.1.8 | 69.94 | NOTE | |||
r-devel-linux-x86_64-fedora-gcc | 0.1.8 | 77.85 | NOTE | |||
r-devel-windows-x86_64 | 0.1.8 | 8.00 | 77.00 | 85.00 | NOTE | |
r-patched-linux-x86_64 | 0.1.8 | 3.91 | 47.30 | 51.21 | NOTE | |
r-release-linux-x86_64 | 0.1.8 | 5.50 | 47.15 | 52.65 | NOTE | |
r-release-macos-arm64 | 0.1.8 | 31.00 | NOTE | |||
r-release-macos-x86_64 | 0.1.8 | 46.00 | NOTE | |||
r-release-windows-x86_64 | 0.1.8 | 9.00 | 78.00 | 87.00 | NOTE | |
r-oldrel-macos-arm64 | 0.1.8 | 30.00 | NOTE | |||
r-oldrel-macos-x86_64 | 0.1.8 | 48.00 | NOTE | |||
r-oldrel-windows-x86_64 | 0.1.8 | 9.00 | 82.00 | 91.00 | NOTE |
Version: 0.1.8
Check: LazyData
Result: NOTE
'LazyData' is specified without a 'data' directory
Flavors: r-devel-linux-x86_64-debian-clang, r-devel-linux-x86_64-debian-gcc, r-devel-linux-x86_64-fedora-clang, r-devel-linux-x86_64-fedora-gcc, r-devel-windows-x86_64, r-patched-linux-x86_64, r-release-linux-x86_64, r-release-macos-arm64, r-release-macos-x86_64, r-release-windows-x86_64, r-oldrel-macos-arm64, r-oldrel-macos-x86_64, r-oldrel-windows-x86_64