Last updated on 2024-08-16 09:49:16 CEST.
Flavor | Version | Tinstall | Tcheck | Ttotal | Status | Flags |
---|---|---|---|---|---|---|
r-devel-linux-x86_64-debian-clang | 5.0.2 | 49.61 | 187.59 | 237.20 | NOTE | |
r-devel-linux-x86_64-debian-gcc | 5.0.2 | 31.76 | 121.76 | 153.52 | NOTE | |
r-devel-linux-x86_64-fedora-clang | 5.0.2 | 401.16 | NOTE | |||
r-devel-linux-x86_64-fedora-gcc | 5.0.2 | 387.22 | NOTE | |||
r-devel-windows-x86_64 | 5.0.2 | 52.00 | 244.00 | 296.00 | NOTE | |
r-patched-linux-x86_64 | 5.0.2 | 52.80 | 175.55 | 228.35 | NOTE | |
r-release-linux-x86_64 | 5.0.2 | 45.83 | 173.66 | 219.49 | NOTE | |
r-release-macos-arm64 | 5.0.2 | 89.00 | NOTE | |||
r-release-macos-x86_64 | 5.0.2 | 137.00 | NOTE | |||
r-release-windows-x86_64 | 5.0.2 | 50.00 | 243.00 | 293.00 | NOTE | |
r-oldrel-macos-arm64 | 5.0.2 | 88.00 | NOTE | |||
r-oldrel-macos-x86_64 | 5.0.2 | 267.00 | NOTE | |||
r-oldrel-windows-x86_64 | 5.0.2 | 65.00 | 311.00 | 376.00 | NOTE |
Version: 5.0.2
Check: package dependencies
Result: NOTE
Package suggested but not available for checking: ‘BPCells’
Flavors: r-devel-linux-x86_64-debian-clang, r-devel-linux-x86_64-debian-gcc, r-devel-linux-x86_64-fedora-clang, r-devel-linux-x86_64-fedora-gcc, r-devel-windows-x86_64, r-patched-linux-x86_64, r-release-linux-x86_64, r-release-macos-arm64, r-release-macos-x86_64, r-release-windows-x86_64, r-oldrel-windows-x86_64
Version: 5.0.2
Check: Rd cross-references
Result: NOTE
Undeclared packages ‘plotly’, ‘cli’ in Rd xrefs
Flavor: r-devel-linux-x86_64-fedora-clang
Version: 5.0.2
Check: package dependencies
Result: NOTE
Packages suggested but not available for checking: 'HDF5Array', 'BPCells'
Flavors: r-oldrel-macos-arm64, r-oldrel-macos-x86_64