Last updated on 2024-08-16 09:49:11 CEST.
Flavor | Version | Tinstall | Tcheck | Ttotal | Status | Flags |
---|---|---|---|---|---|---|
r-devel-linux-x86_64-debian-clang | 1.2.0 | 2.28 | 24.83 | 27.11 | NOTE | |
r-devel-linux-x86_64-debian-gcc | 1.2.0 | 2.05 | 19.57 | 21.62 | NOTE | |
r-devel-linux-x86_64-fedora-clang | 1.2.0 | 45.14 | NOTE | |||
r-devel-linux-x86_64-fedora-gcc | 1.2.0 | 41.36 | NOTE | |||
r-devel-windows-x86_64 | 1.2.0 | 4.00 | 46.00 | 50.00 | NOTE | |
r-patched-linux-x86_64 | 1.2.0 | 2.12 | 23.76 | 25.88 | NOTE | |
r-release-linux-x86_64 | 1.2.0 | 2.38 | 23.71 | 26.09 | NOTE | |
r-release-macos-arm64 | 1.2.0 | 19.00 | NOTE | |||
r-release-macos-x86_64 | 1.2.0 | 25.00 | NOTE | |||
r-release-windows-x86_64 | 1.2.0 | 4.00 | 46.00 | 50.00 | NOTE | |
r-oldrel-macos-arm64 | 1.2.0 | 18.00 | NOTE | |||
r-oldrel-macos-x86_64 | 1.2.0 | 24.00 | NOTE | |||
r-oldrel-windows-x86_64 | 1.2.0 | 4.00 | 49.00 | 53.00 | NOTE |
Version: 1.2.0
Check: LazyData
Result: NOTE
'LazyData' is specified without a 'data' directory
Flavors: r-devel-linux-x86_64-debian-clang, r-devel-linux-x86_64-debian-gcc, r-devel-linux-x86_64-fedora-clang, r-devel-linux-x86_64-fedora-gcc, r-devel-windows-x86_64, r-patched-linux-x86_64, r-release-linux-x86_64, r-release-macos-arm64, r-release-macos-x86_64, r-release-windows-x86_64, r-oldrel-macos-arm64, r-oldrel-macos-x86_64, r-oldrel-windows-x86_64