Last updated on 2024-08-16 09:49:09 CEST.
Flavor | Version | Tinstall | Tcheck | Ttotal | Status | Flags |
---|---|---|---|---|---|---|
r-devel-linux-x86_64-debian-clang | 0.1.2 | 2.86 | 43.45 | 46.31 | OK | |
r-devel-linux-x86_64-debian-gcc | 0.1.2 | 2.39 | 31.86 | 34.25 | OK | |
r-devel-linux-x86_64-fedora-clang | 0.1.2 | 75.07 | NOTE | |||
r-devel-linux-x86_64-fedora-gcc | 0.1.2 | 71.07 | NOTE | |||
r-devel-windows-x86_64 | 0.1.2 | 5.00 | 68.00 | 73.00 | OK | |
r-patched-linux-x86_64 | 0.1.2 | 3.82 | 40.88 | 44.70 | OK | |
r-release-linux-x86_64 | 0.1.2 | 3.07 | 40.82 | 43.89 | OK | |
r-release-macos-arm64 | 0.1.2 | 27.00 | OK | |||
r-release-macos-x86_64 | 0.1.2 | 39.00 | OK | |||
r-release-windows-x86_64 | 0.1.2 | 6.00 | 67.00 | 73.00 | OK | |
r-oldrel-macos-arm64 | 0.1.2 | 27.00 | OK | |||
r-oldrel-macos-x86_64 | 0.1.2 | 68.00 | OK | |||
r-oldrel-windows-x86_64 | 0.1.2 | 6.00 | 74.00 | 80.00 | OK |
Version: 0.1.2
Check: data for non-ASCII characters
Result: NOTE
Note: found 66 marked UTF-8 strings
Flavors: r-devel-linux-x86_64-fedora-clang, r-devel-linux-x86_64-fedora-gcc