Last updated on 2024-08-16 09:49:03 CEST.
Flavor | Version | Tinstall | Tcheck | Ttotal | Status | Flags |
---|---|---|---|---|---|---|
r-devel-linux-x86_64-debian-clang | 1.0.0 | 61.53 | 105.48 | 167.01 | OK | |
r-devel-linux-x86_64-debian-gcc | 1.0.0 | 41.35 | 76.14 | 117.49 | OK | |
r-devel-linux-x86_64-fedora-clang | 1.0.0 | 275.05 | OK | |||
r-devel-linux-x86_64-fedora-gcc | 1.0.0 | 294.23 | OK | |||
r-devel-windows-x86_64 | 1.0.0 | 59.00 | 128.00 | 187.00 | OK | |
r-patched-linux-x86_64 | 1.0.0 | 57.57 | 99.71 | 157.28 | OK | |
r-release-linux-x86_64 | 1.0.0 | 57.03 | 99.68 | 156.71 | OK | |
r-release-macos-arm64 | 1.0.0 | 80.00 | NOTE | |||
r-release-macos-x86_64 | 1.0.0 | 139.00 | NOTE | |||
r-release-windows-x86_64 | 1.0.0 | 58.00 | 130.00 | 188.00 | OK | |
r-oldrel-macos-arm64 | 1.0.0 | 85.00 | NOTE | |||
r-oldrel-macos-x86_64 | 1.0.0 | 146.00 | NOTE | |||
r-oldrel-windows-x86_64 | 1.0.0 | 74.00 | 160.00 | 234.00 | OK |
Version: 1.0.0
Check: installed package size
Result: NOTE
installed size is 5.4Mb
sub-directories of 1Mb or more:
libs 4.2Mb
Flavors: r-release-macos-arm64, r-release-macos-x86_64, r-oldrel-macos-arm64, r-oldrel-macos-x86_64